{"id":30226,"date":"2014-10-28T08:06:47","date_gmt":"2014-10-28T10:06:47","guid":{"rendered":"http:\/\/www.pedromigao.com.br\/ourodetolo\/wp-content\/uploads\/2014\/10\/aecio-campanha-eleicoes20141024-futura.jpg"},"modified":"2014-10-28T08:06:47","modified_gmt":"2014-10-28T10:06:47","slug":"aecio-campanha-eleicoes20141024-futura","status":"inherit","type":"attachment","link":"http:\/\/www.pedromigao.com.br\/ourodetolo\/2014\/10\/a-mudanca-na-continuidade\/aecio-campanha-eleicoes20141024-futura\/","title":{"rendered":"aecio-campanha-eleicoes20141024-futura"},"author":2,"featured_media":0,"comment_status":"open","ping_status":"open","template":"","meta":[],"class_list":["post-30226","attachment","type-attachment","status-inherit","hentry"],"description":{"rendered":"<p class=\"attachment\"><a href='http:\/\/www.pedromigao.com.br\/ourodetolo\/wp-content\/uploads\/2014\/10\/aecio-campanha-eleicoes20141024-futura.jpg'><img loading=\"lazy\" decoding=\"async\" width=\"300\" height=\"117\" src=\"http:\/\/www.pedromigao.com.br\/ourodetolo\/wp-content\/uploads\/2014\/10\/aecio-campanha-eleicoes20141024-futura-300x117.jpg\" class=\"attachment-medium size-medium\" alt=\"\" srcset=\"http:\/\/www.pedromigao.com.br\/ourodetolo\/wp-content\/uploads\/2014\/10\/aecio-campanha-eleicoes20141024-futura-300x117.jpg 300w, http:\/\/www.pedromigao.com.br\/ourodetolo\/wp-content\/uploads\/2014\/10\/aecio-campanha-eleicoes20141024-futura-550x214.jpg 550w, http:\/\/www.pedromigao.com.br\/ourodetolo\/wp-content\/uploads\/2014\/10\/aecio-campanha-eleicoes20141024-futura.jpg 1024w\" sizes=\"auto, (max-width: 300px) 100vw, 300px\" \/><\/a><\/p>\n<p>Com\u00edcio de campanha do candidato \u00e0 presidente do Brasil pelo PSDB, A\u00e9cio Neves, na Pra\u00e7a da Esta\u00e7\u00e3o em Belo Horizonte (MG), nesta quarta-feira (22). Willian Augusto\/Futura Press<\/p>\n"},"caption":{"rendered":"<p>Com\u00edcio de campanha do candidato \u00e0 presidente do Brasil pelo PSDB, A\u00e9cio Neves, na Pra\u00e7a da Esta\u00e7\u00e3o em Belo Horizonte (MG), nesta quarta-feira (22). WillianTour Details<\/p>\n"},"alt_text":"","media_type":"image","mime_type":"image\/jpeg","media_details":{"width":1024,"height":400,"file":"2014\/10\/aecio-campanha-eleicoes20141024-futura.jpg","sizes":{"thumbnail":{"file":"aecio-campanha-eleicoes20141024-futura-150x150.jpg","width":150,"height":150,"mime_type":"image\/jpeg","source_url":"http:\/\/www.pedromigao.com.br\/ourodetolo\/wp-content\/uploads\/2014\/10\/aecio-campanha-eleicoes20141024-futura-150x150.jpg"},"medium":{"file":"aecio-campanha-eleicoes20141024-futura-300x117.jpg","width":300,"height":117,"mime_type":"image\/jpeg","source_url":"http:\/\/www.pedromigao.com.br\/ourodetolo\/wp-content\/uploads\/2014\/10\/aecio-campanha-eleicoes20141024-futura-300x117.jpg"},"large":{"file":"aecio-campanha-eleicoes20141024-futura-550x214.jpg","width":550,"height":214,"mime_type":"image\/jpeg","source_url":"http:\/\/www.pedromigao.com.br\/ourodetolo\/wp-content\/uploads\/2014\/10\/aecio-campanha-eleicoes20141024-futura-550x214.jpg"},"full":{"file":"aecio-campanha-eleicoes20141024-futura.jpg","width":1024,"height":400,"mime_type":"image\/jpeg","source_url":"http:\/\/www.pedromigao.com.br\/ourodetolo\/wp-content\/uploads\/2014\/10\/aecio-campanha-eleicoes20141024-futura.jpg"}},"image_meta":{"aperture":5.5999999999999996447286321199499070644378662109375,"credit":"WILLIAN AUGUSTO\/FUTURA PRESS","camera":"Canon EOS 40D","caption":"Com\u00edcio de campanha do candidato \u00e0 presidente do Brasil pelo PSDB, A\u00e9cio Neves, na Pra\u00e7a da Esta\u00e7\u00e3o em Belo Horizonte (MG), nesta quarta-feira (22). Willian Augusto\/Futura Press","created_timestamp":1414003621,"copyright":"Willian Augusto\/Futura Press","focal_length":"18","iso":"1600","shutter_speed":"0.00625","title":"","orientation":1}},"post":30221,"source_url":"http:\/\/www.pedromigao.com.br\/ourodetolo\/wp-content\/uploads\/2014\/10\/aecio-campanha-eleicoes20141024-futura.jpg","_links":{"self":[{"href":"http:\/\/www.pedromigao.com.br\/ourodetolo\/wp-json\/wp\/v2\/media\/30226","targetHints":{"allow":["GET"]}}],"collection":[{"href":"http:\/\/www.pedromigao.com.br\/ourodetolo\/wp-json\/wp\/v2\/media"}],"about":[{"href":"http:\/\/www.pedromigao.com.br\/ourodetolo\/wp-json\/wp\/v2\/types\/attachment"}],"author":[{"embeddable":true,"href":"http:\/\/www.pedromigao.com.br\/ourodetolo\/wp-json\/wp\/v2\/users\/2"}],"replies":[{"embeddable":true,"href":"http:\/\/www.pedromigao.com.br\/ourodetolo\/wp-json\/wp\/v2\/comments?post=30226"}]}}

<p class="attachment"><a href='http://www.pedromigao.com.br/ourodetolo/wp-content/uploads/2014/10/aecio-campanha-eleicoes20141024-futura.jpg'><img loading="lazy" decoding="async" width="300" height="117" src="http://www.pedromigao.com.br/ourodetolo/wp-content/uploads/2014/10/aecio-campanha-eleicoes20141024-futura-300x117.jpg" class="attachment-medium size-medium" alt="" srcset="http://www.pedromigao.com.br/ourodetolo/wp-content/uploads/2014/10/aecio-campanha-eleicoes20141024-futura-300x117.jpg 300w, http://www.pedromigao.com.br/ourodetolo/wp-content/uploads/2014/10/aecio-campanha-eleicoes20141024-futura-550x214.jpg 550w, http://www.pedromigao.com.br/ourodetolo/wp-content/uploads/2014/10/aecio-campanha-eleicoes20141024-futura.jpg 1024w" sizes="auto, (max-width: 300px) 100vw, 300px" /></a></p>
<p>Comício de campanha do candidato à presidente do Brasil pelo PSDB, Aécio Neves, na Praça da Estação em Belo Horizonte (MG), nesta quarta-feira (22). Willian Augusto/Futura Press</p>

<p>Comício de campanha do candidato à presidente do Brasil pelo PSDB, Aécio Neves, na Praça da Estação em Belo Horizonte (MG), nesta quarta-feira (22). WillianTour Details</p>

Comício de campanha do candidato à presidente do Brasil pelo PSDB, Aécio Neves, na Praça da Estação em Belo Horizonte (MG), nesta quarta-feira (22). Willian Augusto/Futura Press
